{"id":1892,"date":"2026-02-19T11:43:47","date_gmt":"2026-02-19T10:43:47","guid":{"rendered":"https:\/\/evabigeard.fr\/?page_id=1892"},"modified":"2026-02-19T19:05:29","modified_gmt":"2026-02-19T18:05:29","slug":"les-chevaux-celestes","status":"publish","type":"page","link":"https:\/\/evabigeard.fr\/?page_id=1892","title":{"rendered":"Les Chevaux C\u00e9lestes"},"content":{"rendered":"<div\nclass=\"\n\t\tflo-block\n\t\tflo-block-text flo-block-text--align-left\" style=\"\n\t\t--block-width:83%;\n    --top-margin: 0px;\n    --bottom-margin: 0px;\n    --mobile-top-margin: 0px;\n    --mobile-bottom-margin: 0px;\n    --elements-color: var(--scheme_1--text--default);\n    --pre-title-color: var(--scheme_1--overline--default);\n                    \" >\n\t\t<div class=\"flo-block-text--wrap\">\n    \t\t\t<h4 class=\"flo-block-text__pretitle\" data-font=\"third_level\/overline_2\">Les chevaux C\u00e9lestes<\/h4>\n                        <div class=\"flo-block-text__text-wrapper\">\n            <div class=\"flo-block-text__text\" data-font=\"second_level\/paragraph\">\n                Il y a Alma, Assia, Louchi, Passang et Jahil.<br>Grands, puissants, impressionnants.\u00a0<br>Et au milieu, il y a C\u00e9leste.\u00a0<br>Une main qui se pose sur une encolure, un toucher du bout de \u00ab la baguette \u00bb sur un flanc et tout ce clan se met en orbite autour d\u2019elle.\u00a0<br>Des bonds, des jeux, de grands \u00e9clats de rire qui pourraient aussi bien venir de l\u2019humaine que des chevaux.<br>\u00a0<br>Voil\u00e0 par quoi passe le travail de ce clan.<br>Aussi technique que l\u00e9ger, aussi fort que d\u00e9licat.<br>\u00a0<br>C\u00e9leste fait passer la porte des EHPAD et des prisons, \u00e0 cette \u00e9quipe merveilleuse.\u00a0<br>\u00a0<br>Puis, ensemble, ils repartent, passent les cols et marchent de villages en villages pour donner des spectacles et rencontrer ceux qui ne peuvent pas venir \u00e0 eux.\u00a0<br>Et avec une patience infinie, ils font s\u2019entrouvrir les c\u0153urs les plus scell\u00e9s.\u00a0<br>\u00a0<br>Ils emm\u00e8nent avec eux des adolescentes retir\u00e9es de leur famille, plac\u00e9es dans les foyers de l\u2019aide Sociale \u00e0 l\u2019Enfance. Des jeunes filles qui ne connaissent que plus que la violence pour s\u2019exprimer et qui ont perdu tout espoir en la vie.<br>Ensemble, ils partent pour des exp\u00e9ditions de plusieurs semaines en montagne. Au fil, de longues journ\u00e9es de marche, ils apprennent \u00e0 s\u2019apprivoiser, pour finir par ne faire qu\u2019un seul groupe soud\u00e9, ins\u00e9parable, pr\u00eat \u00e0 d\u00e9fier le monde, un museau de cheval pos\u00e9 sur l\u2019\u00e9paule.<br>\u00a0<br>J\u2019ai d\u2019abord rencontr\u00e9 C\u00e9leste de loin, avant un spectacle dans un champ, sous une pluie battante.<br>Spectacle annul\u00e9, juste apr\u00e8s leur entr\u00e9e.<br>Mais dans ma t\u00eate, leur jeu de regard, leur attention constante port\u00e9e les uns aux autres, s\u2019est grav\u00e9 dans mes r\u00e9tines.<br>Il me faut en voir plus. Une n\u00e9cessit\u00e9 de montrer au monde ce travail subtil, tellement important, essentiel.<br>\u00a0<br>Me voil\u00e0 alors en route pour La Bourgogne.\u00a0<br>Deux jours pour me faire adopter par C\u00e9leste. Deux jours pour me faire adopter par les chevaux. Deux jours pour montrer en 20 images, un aper\u00e7u du quotidien de leur tr\u00eave hivernale, de leurs conversations silencieuses, une infime partie de cette vie, tourn\u00e9e vers les autres, de cette vie d\u00e9di\u00e9e \u00e0 recr\u00e9er du lien.\u00a0<br>\u00a0<br>Il est l\u00e0, le sujet que je veux soutenir \u00e0 coup de n\u00e9gatifs d\u00e9velopp\u00e9s dans mon petit camion en suivant cette \u00e9quip\u00e9e, \u00e0 coup d\u2019appareils photo, construit et laiss\u00e9 dans les mains des personnes accompagn\u00e9es par cette tribu, pour que ce soit racont\u00e9 de l\u2019int\u00e9rieur.<br>C\u2019est s\u00fbr, je vais les suivre, je veux raconter leur histoire, moi aussi pouss\u00e9e par le museau d\u2019un Jahil joueur, qui a bien compris ce qu\u2019il faisait l\u00e0 et l\u2019important de son travail.            <\/div>\n        <\/div>\n    \t<\/div>\n<\/div>\n\n\n\n    <div\n      class=\"alignfull flex-block flex-block--blockID--a8fc0df0bda3\"\n      data-block-id=\"blockID--a8fc0df0bda3\" \n      id=\"flex-blockid--a8fc0df0bda3\"\n      \n    >\n    <style> @media only screen and (min-width: 768px) { .flex-block--blockID--a8fc0df0bda3 { --html-font-size: 1.25vw; --height:328.6683em; --bg-color: var(--scheme_1--background--default); --margin-top: 0em; --margin-bottom: 0em; } } @media only screen and (max-width: 767px) { .flex-block--blockID--a8fc0df0bda3 { --html-font-size: 4.2666666666667vw; --height: 105.87262200165425em; --bg-color: var(--scheme_1--background--default); --margin-top: 0em; --margin-bottom: 0em; } } <\/style>\n    <div class=\"flex-block__main-container server-rendered\"><style> .flex-block__element--block-blockID--a8fc0df0bda3.flex-block__element--element_id_61b3e51c1c23, .flex-element-animation-helper[data-id='element_id_61b3e51c1c23'][data-block-id='blockID--a8fc0df0bda3'] { --el-width: 68.97663em; --el-width-tablet: 68.97663em; --el-height: 324.3191em; --el-height-tablet: 324.3191em; --el-actual-height: 324.3191em; --el-actual-height-tablet: 324.3191em; --position-top: 2.12732em; --position-top-tablet: 2.12732em; --position-left: 5.47945em; --position-left-tablet: 5.47945em; --rotateDeg: 0deg; --z-index: 1; } @media only screen and (max-width: 767px) { .flex-block__element--block-blockID--a8fc0df0bda3.flex-block__element--element_id_61b3e51c1c23, .flex-element-animation-helper[data-id='element_id_61b3e51c1c23'][data-block-id='blockID--a8fc0df0bda3'] { --el-width: 20.90984em; --el-width-tablet: 20.90984em; --el-height: 104.74773em; --el-height-tablet: 104.74773em; --el-actual-height: 104.74773em; --el-actual-height-tablet: 104.74773em; --position-top: 1.25724em; --position-top-tablet: 1.25724em; --position-left: 1.32341em; --position-left-tablet: 1.32341em; --rotateDeg: 0deg; --z-index: 1; } } \/*ANIMATION START*\/\/*ANIMATION END*\/<\/style>\n    <style>\n      .flex-block__element--element_id_61b3e51c1c23 \n      .flex-element-type-instagram__custom-link {\n        \n      line-height: 1.3;\n      font-size: 0.8125rem;\n      letter-spacing: 0em;\n      font-family: inherit;\n\n      font-weight: normal;\n      font-style: normal;\n      text-decoration: none;\n      text-transform: none;\n    \n      }\n    <\/style>\n    <div\n      class=\"\n      flex-block__element\n      flex-block__element--element_id_61b3e51c1c23\n      flex-block__element--instagram\n       flex-block__element--block-blockID--a8fc0df0bda3   flex-block__element--synced \n      \"\n      style=\"\n      \n    --img-amount:    3;\n    --imagesPerRow:  2;\n    --imagesGap:     0.625rem;\n    --link-color:    scheme_1\/text\/default;\n    --link-bg-color: scheme_1\/background\/default;\n  \n      \"\n    >\n      <div class=\"flex-element-type-instagram flex-element-type-instagram--layout-masonry\">\n        \n        <div class=\"flex-element-type-instagram__images-wrap\">\n          \n    <div class=\"\n      flex-element-type-instagram__link\n      flex-element-type-instagram__link--custom\n    \">\n      <img data-src=\"http:\/\/evabigeard.fr\/wp-content\/uploads\/2026\/02\/Les-chevaux-Celestes-21-683x1024.jpeg\" alt=\"\" \/>\n    <\/div>\n  \n    <div class=\"\n      flex-element-type-instagram__link\n      flex-element-type-instagram__link--custom\n    \">\n      <img data-src=\"http:\/\/evabigeard.fr\/wp-content\/uploads\/2026\/02\/Les-chevaux-Celestes-209-1024x683.jpeg\" alt=\"\" \/>\n    <\/div>\n  \n    <div class=\"\n      flex-element-type-instagram__link\n      flex-element-type-instagram__link--custom\n    \">\n      <img data-src=\"http:\/\/evabigeard.fr\/wp-content\/uploads\/2026\/02\/Les-chevaux-Celestes-296-1024x683.jpeg\" alt=\"\" \/>\n    <\/div>\n  \n    <div class=\"\n      flex-element-type-instagram__link\n      flex-element-type-instagram__link--custom\n    \">\n      <img data-src=\"http:\/\/evabigeard.fr\/wp-content\/uploads\/2026\/02\/Les-chevaux-Celestes-1-1024x683.jpeg\" alt=\"\" \/>\n    <\/div>\n  \n    <div class=\"\n      flex-element-type-instagram__link\n      flex-element-type-instagram__link--custom\n    \">\n      <img data-src=\"http:\/\/evabigeard.fr\/wp-content\/uploads\/2026\/02\/Les-chevaux-Celestes-213-1024x683.jpeg\" alt=\"\" \/>\n    <\/div>\n  \n    <div class=\"\n      flex-element-type-instagram__link\n      flex-element-type-instagram__link--custom\n    \">\n      <img data-src=\"http:\/\/evabigeard.fr\/wp-content\/uploads\/2026\/02\/Les-chevaux-Celestes-247-1024x683.jpeg\" alt=\"\" \/>\n    <\/div>\n  \n    <div class=\"\n      flex-element-type-instagram__link\n      flex-element-type-instagram__link--custom\n    \">\n      <img data-src=\"http:\/\/evabigeard.fr\/wp-content\/uploads\/2026\/02\/Les-chevaux-Celestes-243-1024x683.jpeg\" alt=\"\" \/>\n    <\/div>\n  \n    <div class=\"\n      flex-element-type-instagram__link\n      flex-element-type-instagram__link--custom\n    \">\n      <img data-src=\"http:\/\/evabigeard.fr\/wp-content\/uploads\/2026\/02\/Les-chevaux-Celestes-287-1024x683.jpeg\" alt=\"\" \/>\n    <\/div>\n  \n    <div class=\"\n      flex-element-type-instagram__link\n      flex-element-type-instagram__link--custom\n    \">\n      <img data-src=\"http:\/\/evabigeard.fr\/wp-content\/uploads\/2026\/02\/Les-chevaux-Celestes-182-1024x683.jpeg\" alt=\"\" \/>\n    <\/div>\n  \n    <div class=\"\n      flex-element-type-instagram__link\n      flex-element-type-instagram__link--custom\n    \">\n      <img data-src=\"http:\/\/evabigeard.fr\/wp-content\/uploads\/2026\/02\/Les-chevaux-Celestes-302-682x1024.jpeg\" alt=\"\" \/>\n    <\/div>\n  \n    <div class=\"\n      flex-element-type-instagram__link\n      flex-element-type-instagram__link--custom\n    \">\n      <img data-src=\"http:\/\/evabigeard.fr\/wp-content\/uploads\/2026\/02\/Les-chevaux-Celestes-203-683x1024.jpeg\" alt=\"\" \/>\n    <\/div>\n  \n    <div class=\"\n      flex-element-type-instagram__link\n      flex-element-type-instagram__link--custom\n    \">\n      <img data-src=\"http:\/\/evabigeard.fr\/wp-content\/uploads\/2026\/02\/Les-chevaux-Celestes-101-1024x683.jpeg\" alt=\"\" \/>\n    <\/div>\n  \n    <div class=\"\n      flex-element-type-instagram__link\n      flex-element-type-instagram__link--custom\n    \">\n      <img data-src=\"http:\/\/evabigeard.fr\/wp-content\/uploads\/2026\/02\/Les-chevaux-Celestes-88-1024x683.jpeg\" alt=\"\" \/>\n    <\/div>\n  \n    <div class=\"\n      flex-element-type-instagram__link\n      flex-element-type-instagram__link--custom\n    \">\n      <img data-src=\"http:\/\/evabigeard.fr\/wp-content\/uploads\/2026\/02\/Les-chevaux-Celestes-91-1024x683.jpeg\" alt=\"\" \/>\n    <\/div>\n  \n    <div class=\"\n      flex-element-type-instagram__link\n      flex-element-type-instagram__link--custom\n    \">\n      <img data-src=\"http:\/\/evabigeard.fr\/wp-content\/uploads\/2026\/02\/Les-chevaux-Celestes-75-683x1024.jpeg\" alt=\"\" \/>\n    <\/div>\n  \n    <div class=\"\n      flex-element-type-instagram__link\n      flex-element-type-instagram__link--custom\n    \">\n      <img data-src=\"http:\/\/evabigeard.fr\/wp-content\/uploads\/2026\/02\/Les-chevaux-Celestes-191-683x1024.jpeg\" alt=\"\" \/>\n    <\/div>\n  \n    <div class=\"\n      flex-element-type-instagram__link\n      flex-element-type-instagram__link--custom\n    \">\n      <img data-src=\"http:\/\/evabigeard.fr\/wp-content\/uploads\/2026\/02\/Les-chevaux-Celestes-44-682x1024.jpeg\" alt=\"\" \/>\n    <\/div>\n  \n    <div class=\"\n      flex-element-type-instagram__link\n      flex-element-type-instagram__link--custom\n    \">\n      <img data-src=\"http:\/\/evabigeard.fr\/wp-content\/uploads\/2026\/02\/Les-chevaux-Celestes-132-683x1024.jpeg\" alt=\"\" \/>\n    <\/div>\n  \n        <\/div>\n      <\/div>\n    <\/div>\n  <\/div><\/div>","protected":false},"excerpt":{"rendered":"","protected":false},"author":1,"featured_media":1912,"parent":0,"menu_order":0,"comment_status":"closed","ping_status":"closed","template":"","meta":{"footnotes":""},"class_list":["post-1892","page","type-page","status-publish","has-post-thumbnail","hentry"],"fbg_featured_image_src":{"full":["https:\/\/evabigeard.fr\/wp-content\/uploads\/2026\/02\/Les-chevaux-Celestes-209.jpeg",1600,1067,false],"thumbnail":["https:\/\/evabigeard.fr\/wp-content\/uploads\/2026\/02\/Les-chevaux-Celestes-209-150x150.jpeg",150,150,true],"medium":["https:\/\/evabigeard.fr\/wp-content\/uploads\/2026\/02\/Les-chevaux-Celestes-209-300x200.jpeg",300,200,true],"medium_large":["https:\/\/evabigeard.fr\/wp-content\/uploads\/2026\/02\/Les-chevaux-Celestes-209-768x512.jpeg",640,427,true],"large":["https:\/\/evabigeard.fr\/wp-content\/uploads\/2026\/02\/Les-chevaux-Celestes-209-1024x683.jpeg",640,427,true],"1536x1536":["https:\/\/evabigeard.fr\/wp-content\/uploads\/2026\/02\/Les-chevaux-Celestes-209-1536x1024.jpeg",1536,1024,true],"2048x2048":["https:\/\/evabigeard.fr\/wp-content\/uploads\/2026\/02\/Les-chevaux-Celestes-209.jpeg",1600,1067,false]},"fbg_excerpt":null,"_links":{"self":[{"href":"https:\/\/evabigeard.fr\/index.php?rest_route=\/wp\/v2\/pages\/1892","targetHints":{"allow":["GET"]}}],"collection":[{"href":"https:\/\/evabigeard.fr\/index.php?rest_route=\/wp\/v2\/pages"}],"about":[{"href":"https:\/\/evabigeard.fr\/index.php?rest_route=\/wp\/v2\/types\/page"}],"author":[{"embeddable":true,"href":"https:\/\/evabigeard.fr\/index.php?rest_route=\/wp\/v2\/users\/1"}],"replies":[{"embeddable":true,"href":"https:\/\/evabigeard.fr\/index.php?rest_route=%2Fwp%2Fv2%2Fcomments&post=1892"}],"version-history":[{"count":11,"href":"https:\/\/evabigeard.fr\/index.php?rest_route=\/wp\/v2\/pages\/1892\/revisions"}],"predecessor-version":[{"id":2182,"href":"https:\/\/evabigeard.fr\/index.php?rest_route=\/wp\/v2\/pages\/1892\/revisions\/2182"}],"wp:featuredmedia":[{"embeddable":true,"href":"https:\/\/evabigeard.fr\/index.php?rest_route=\/wp\/v2\/media\/1912"}],"wp:attachment":[{"href":"https:\/\/evabigeard.fr\/index.php?rest_route=%2Fwp%2Fv2%2Fmedia&parent=1892"}],"curies":[{"name":"wp","href":"https:\/\/api.w.org\/{rel}","templated":true}]}}